b = -433 - r. Suppose 3*f + 2*p = f + 132, -5*f + 2*p + b = 0. Calculate the greatest common factor of 6 and f.
6
Let a be 1/5 + 328/10. Suppose a = 3*q - 15. Let d = -1 + q. Calculate the greatest common factor of d and 10.
5
Let y(v) = -2*v + 8. Let b be y(-6). Let z be (-8)/1*-1*(-1)/(-1). What is the greatest common divisor of b and z?
4
Let z = -1 + -1. Let i be (8/(-6))/(z/9). Suppose -2*d - 60 = -i*d. Calculate the greatest common divisor of d and 60.
15
Suppose h + 3*q - 18 = -2*h, h + 5*q = 26. Let w be 3/h + 8/(-8). Suppose 3*s + w*v = 26, -2*s + 18 = -0*v + v. Calculate the highest common factor of s and 15.
5
Let m(h) = 20*h**3 + h**2 + h + 2. Let q be m(2). Suppose 4*y + 3*w - q = 0, -3*w = 2*y - y - 42. Calculate the greatest common divisor of y and 105.
21
Suppose 0*i = -2*i + 8. Suppose -2*w + i*q + 24 = 0, 0 = 6*w - 2*w + 3*q - 37. Let l = -4 + w. Calculate the highest common divisor of l and 30.
6
Suppose 66 = 2*m + 14. Let a(c) = c + 75. Let b be a(0). Suppose -d + 78 = 5*o - 118, -b = -2*o + 3*d. What is the greatest common divisor of m and o?
13
Let x be ((-2)/(-3))/(2/(-3)). Let f = 8 + -6. Let i be (-5 + f*-1)*x. Calculate the greatest common divisor of i and 28.
7
Suppose -100 = -2*d + 4*m, -5*m + 140 = 2*d - m. Suppose -171 - 264 = -5*w. Let a = w - 47. Calculate the greatest common divisor of a and d.
20
Let b = 9 - -68. What is the greatest common factor of b and 7?
7
Let c be -3 + (-2)/3 + (-76)/(-6). Let u(h) = 20*h**2 - h - 1. Let v be u(-2). What is the highest common factor of c and v?
9
Let n = 47 - 26. Calculate the highest common factor of n and 21.
21
Let t = -127 + 232. Calculate the greatest common factor of t and 70.
35
Suppose -g - 9*g + 360 = 0. Let y be (27/2)/(2/8). Calculate the highest common factor of y and g.
18
Let s(d) be the third derivative of -d**6/120 + d**5/6 - d**4/3 - d**3/6 - 2*d**2. Let l be s(6). What is the highest common divisor of 38 and l?
19
Let x be (54/(-8))/(205/(-68) + 3). What is the highest common divisor of x and 51?
51
Suppose 4*k - 4*u - 242 = 134, -2*u = -4*k + 380. Let i be 19 - 16 - (-8 + -1). Calculate the greatest common divisor of i and k.
12
Let a be (4 - (-2)/2) + 2. Let q(l) = 3*l**3 - 2*l**2 + 4*l + 4. Let g be q(-3). Let s = -72 - g. Calculate the greatest common divisor of s and a.
7
Suppose 53*l = 51*l + 78. Let o be (-4)/6*(1 + 2). Let c = 15 + o. What is the highest common factor of c and l?
13
Let j be (251 + (-2 - -1))/2. Suppose -2*q = -127 - j. Calculate the highest common factor of q and 18.
18
Let b be 1 - 1/(3/(-9)). Let t = b - 0. Calculate the highest common divisor of t and 8.
4
Let m(f) = -f**3 + 11*f**2 - 9*f + 10. Let l be m(10). Suppose 2*d - 7*d = -35. Let v(b) = b + 3. Let a be v(d). What is the greatest common divisor of a and l?
10
Let y be 12/20 - (-34)/10. Suppose 3*v - 5*f = -6, y*f - 5*f = 3*v - 12. What is the greatest common divisor of v and 3?
3
Suppose 11*n - 16*n = -90. What is the highest common factor of 6 and n?
6
Let p = 16 - 11. Suppose 360 = p*f - f. Suppose 19*d - 148 = 23. What is the highest common divisor of f and d?
9
Let p be 16/(-3)*(-21)/14. Suppose 0 = -b - p + 4, -b = 2*j - 44. Suppose -216 = 3*q - 4*q. Calculate the greatest common divisor of j and q.
24
Suppose -9 = -g + 2*b, 0*b = -3*g - 3*b + 45. What is the highest common factor of g and 65?
13
Let a be (4 + -2)/((-2)/(-8)). Suppose 0 = -4*j + 4*t + 16 + a, t - 9 = -2*j. What is the highest common divisor of 15 and j?
5
Let g(i) = -56*i**3 + i**2 + 3*i + 3. Let u be g(-1). Calculate the greatest common factor of 19 and u.
19
Let w(q) = -q**2 + 5*q + 2. Let g be w(5). Suppose 25 + 33 = g*m. Calculate the greatest common factor of 58 and m.
29
Let u = 19 - 14. Suppose u*x = -0*x - 3*b + 510, -3*b + 15 = 0. Calculate the greatest common factor of x and 9.
9
Let c(m) = -4*m - 5. Let i be c(-2). Let k be i/((-18)/(-28))*3. What is the greatest common factor of k and 42?
14
Suppose 4*z + 3*q = 514, -6*q - 4 = -4*q. What is the highest common factor of 52 and z?
26
Suppose 0 = -5*a - m + 101 - 24, 35 = 3*a - 5*m. Suppose 0 = n - a - 3. Let d be 15*(n/10)/3. What is the highest common divisor of d and 1?
1
Let k(s) = s**2 - 7*s + 7. Let t be k(7). Suppose 0 = -g, t*j = 4*j - 5*g + 54. Calculate the highest common factor of j and 72.
18
Let s be ((-20)/(-25))/((-4)/(-10)). Let u = 18 + -12. Calculate the greatest common divisor of u and s.
2
Suppose -6*z + 537 = 159. Calculate the greatest common factor of z and 7.
7
Suppose 0*f = f - 4. What is the highest common factor of f and 36?
4
Let c be 3/(((-36)/128)/(-3)). Suppose 0 = -3*p + 118 + 122. What is the highest common factor of c and p?
16
Let i(o) = o**3 - 8*o**2 + 3*o - 21. Let h be i(8). What is the greatest common factor of h and 15?
3
Suppose -8 + 22 = b. What is the highest common factor of 14 and b?
14
Suppose -129 = -3*m + 60. Let p = m - 44. What is the greatest common divisor of 152 and p?
19
Let z = 34 + -14. What is the highest common divisor of z and 40?
20
Suppose 2*j - 11 = 5*f, -5*f + 22 - 69 = -4*j. What is the highest common divisor of j and 198?
18
Suppose q + 4 = -15. Let g = 27 + q. What is the highest common factor of 8 and g?
8
Let g(n) = -n**2 + 8*n + 6. Let l be g(8). Suppose s + 380 = l*s. Suppose c = -a + s, 2*a + 0*a - 8 = 0. What is the greatest common divisor of c and 18?
18
Let d be 5/30 + (-1)/6. Suppose d = 5*a + 2*t + 19 - 79, 0 = -3*t + 15. What is the highest common factor of a and 10?
10
Let k = 74 - 49. What is the greatest common factor of k and 75?
25
Let p be ((-8)/(-5))/(24/(-15) + 2). Suppose -5*q + 2 = -138. Calculate the highest common divisor of p and q.
4
Let k = 2 - 2. Suppose k = 3*r - 0*x - x + 22, 51 = -4*r - 3*x. Let z(f) = -f + 10. Let q be z(r). Calculate the greatest common factor of 57 and q.
19
Let r be 6/24 + 22/8. Suppose 0 = 2*m + 49 - 91. What is the highest common factor of r and m?
3
Let b(t) = -5*t + 3. Let u be b(-4). Let f = u - 11. Let k = -51 + 135. What is the highest common divisor of k and f?
12
Let k = 10 + -8. Suppose -l + 30 = 2*b, -3*b + 15 = -k*b - 4*l. What is the highest common factor of 120 and b?
15
Let a = 20 + -4. Suppose -l + a = l. What is the highest common divisor of l and 64?
8
Let t = -40 - -101. Suppose 3*r - 89 - t = -a, -5*r + 2*a + 261 = 0. What is the highest common divisor of r and 17?
17
Let q(z) = 3*z - 4. Let c be q(8). Let y = -10 + c. Calculate the highest common divisor of y and 50.
10
Let c be -2 - 3/6*0. Let w = c + 7. Calculate the highest common factor of w and 40.
5
Suppose -3*v + 68 = 5. Let t be -1*v*1*-1. What is the highest common factor of t and 3?
3
Let l = 252 + -192. What is the highest common factor of 12 and l?
12
Let b(t) = -t**2 - 3*t + 3. Let v be b(-3). Suppose -5*l = 5*x - 2*x - 97, x - 47 = 2*l. Suppose v*u = x + 39. What is the highest common factor of u and 286?
26
Suppose -3*i + 144 = 4*n, -2*i - 55 = -3*i + n. Let u = 25 + -22. Suppose u = -m + 4*l - 3, 0 = -3*m - 2*l + i. What is the greatest common divisor of m and 56?
14
Let i = 8 + -5. Let h(v) = v**3 - v**2 - 2*v - 1. Let p be h(i). What is the greatest common factor of p and 121?
11
Let q = 238 + -128. What is the highest common factor of q and 10?
10
Suppose -34 = -4*o - 0*k + 5*k, -6 = 3*k. Let v(l) = l**2 - 2*l. Let n be v(o). Calculate the highest common divisor of 3 and n.
3
Suppose -4 = -4*n + 60. Let q = 4 + -9. Let z be (-30)/q - (2 - 0). What is the highest common divisor of z and n?
4
Let x(r) = -2*r**2 + 0 + 10*r**2 + 0. Let o be x(-2). What is the greatest common factor of 8 and o?
8
Suppose 0*m - 4*m + 96 = 0. What is the greatest common divisor of m and 264?
24
Let v = 5 - -4. Suppose -3 + v = l + 5*g, -2*l + 30 = 4*g. Calculate the highest common divisor of 7 and l.
7
Suppose 0 = -2*l + 3 + 1. Let r(a) = a - 9. Let u be r(5). Let b be (-55)/(-4) + (-1)/u. What is the highest common factor of l and b?
2
Suppose -2*f - 5 = -z, 4*z - 4*f + 0*f - 24 = 0. Calculate the greatest common factor of 49 and z.
7
Let z(q) = -4*q - 6. Let b be ((-5)/4)/(2/8). Let t be z(b). Let m(h) = 2*h + 30. Let u be m(13). What is the greatest common factor of t and u?
14
Suppose 0*p + 3*p = 120. Let z be 2 + 15 + (-3 - -2). What is the great